{"id":14195,"date":"2025-06-23T17:51:22","date_gmt":"2025-06-23T15:51:22","guid":{"rendered":"https:\/\/germaninstitute.com\/de\/?page_id=14195"},"modified":"2025-10-07T12:28:58","modified_gmt":"2025-10-07T10:28:58","slug":"pflege-zusatzangebote","status":"publish","type":"page","link":"https:\/\/germaninstitute.com\/de\/pflege-zusatzangebote\/","title":{"rendered":"Pflege Zusatzangebote"},"content":{"rendered":"<p>[et_pb_section fb_built=&#8220;1&#8243; _builder_version=&#8220;4.27.4&#8243; _module_preset=&#8220;default&#8220; global_colors_info=&#8220;{}&#8220;][et_pb_row column_structure=&#8220;1_2,1_2&#8243; _builder_version=&#8220;4.25.2&#8243; _module_preset=&#8220;b432d2c6-80e1-4cbc-b852-6e625e1042a3&#8243; hover_enabled=&#8220;0&#8243; global_colors_info=&#8220;{}&#8220; sticky_enabled=&#8220;0&#8243;][et_pb_column type=&#8220;1_2&#8243; _builder_version=&#8220;4.25.2&#8243; _module_preset=&#8220;default&#8220; global_colors_info=&#8220;{}&#8220;][et_pb_heading title=&#8220;UMFASSENDE UNTERST\u00dcTZUNG F\u00dcR DEINEN START IN DEUTSCHLAND&#8220; _builder_version=&#8220;4.27.4&#8243; _module_preset=&#8220;e2ca338f-a74d-4852-89e2-01462c945299&#8243; title_font=&#8220;&#8211;et_global_heading_font|700||on|||||&#8220; title_text_color=&#8220;#f58c60&#8243; hover_enabled=&#8220;0&#8243; global_colors_info=&#8220;{}&#8220; sticky_enabled=&#8220;0&#8243;][\/et_pb_heading][et_pb_heading title=&#8220;Dein Weg in den Pflegeberuf in Deutschland \u2013 mit dem German Institute&#8220; _builder_version=&#8220;4.27.4&#8243; _module_preset=&#8220;7afe1059-19ca-4a9a-b627-da6779a7b1cf&#8220; title_font=&#8220;&#8211;et_global_heading_font|700|||||||&#8220; title_text_color=&#8220;#204f8a&#8220; locked=&#8220;off&#8220; global_colors_info=&#8220;{}&#8220;][\/et_pb_heading][et_pb_text _builder_version=&#8220;4.27.4&#8243; _module_preset=&#8220;default&#8220; text_font=&#8220;&#8211;et_global_body_font||||||||&#8220; header_font=&#8220;&#8211;et_global_body_font||||||||&#8220; header_3_font=&#8220;&#8211;et_global_heading_font||||||||&#8220; header_4_font=&#8220;&#8211;et_global_body_font||||||||&#8220; global_colors_info=&#8220;{}&#8220;]<\/p>\n<p data-start=\"236\" data-end=\"631\">Unser Ausbildungsprogramm f\u00fcr Pflegekr\u00e4fte verbindet sprachliche Pr\u00e4zision mit beruflicher Praxis. In klar strukturierten Modulen lernst du alles, was du f\u00fcr deinen Arbeitsalltag im deutschen Gesundheitswesen brauchst \u2013 von der ersten Patientenaufnahme bis zur Kommunikation mit \u00c4rzt:innen. Dabei steht die Pflegesprache im Zentrum: praxisnah, alltagstauglich und auf dein Berufsziel abgestimmt.<\/p>\n<p data-start=\"633\" data-end=\"665\">Doch das ist l\u00e4ngst nicht alles.<\/p>\n<p data-start=\"633\" data-end=\"665\">\n<h3 data-start=\"667\" data-end=\"738\">\u2705 Exklusiv am German Institute \u2013 unsere kostenlosen Zusatzangebote:<\/h3>\n<ul data-start=\"740\" data-end=\"1200\">\n<li data-start=\"740\" data-end=\"796\">\n<p data-start=\"742\" data-end=\"796\"><strong data-start=\"742\" data-end=\"760\">Grammatikkurse<\/strong>, um sprachlich sicher aufzutreten<\/p>\n<\/li>\n<li data-start=\"797\" data-end=\"891\">\n<p data-start=\"799\" data-end=\"891\"><strong data-start=\"799\" data-end=\"840\">Aussprache- und Konversationstraining<\/strong>, damit du klar und deutlich kommunizieren kannst<\/p>\n<\/li>\n<li data-start=\"892\" data-end=\"992\">\n<p data-start=\"894\" data-end=\"992\"><strong data-start=\"894\" data-end=\"937\">Berufsbezogene Exkursionen in Stuttgart<\/strong>, z.\u202fB. Klinikbesuche oder Stadtf\u00fchrungen auf Deutsch<\/p>\n<\/li>\n<li data-start=\"993\" data-end=\"1098\">\n<p data-start=\"995\" data-end=\"1098\"><strong data-start=\"995\" data-end=\"1043\">Spezielle Kompaktkurse zu kulturellen Themen<\/strong>, damit du dich in Deutschland schnell zurechtfindest<\/p>\n<\/li>\n<li data-start=\"1099\" data-end=\"1200\">\n<p data-start=\"1101\" data-end=\"1200\"><strong data-start=\"1101\" data-end=\"1164\">Individuelle Unterst\u00fctzung im Visums- und Bewerbungsprozess<\/strong> \u2013 von der Beratung bis zur Einreise<\/p>\n<\/li>\n<\/ul>\n<p data-start=\"1202\" data-end=\"1377\">Mit diesem ganzheitlichen Konzept bereiten wir dich nicht nur auf den Beruf, sondern auf ein neues Leben in Deutschland vor. Pers\u00f6nlich, professionell und auf dich abgestimmt.<\/p>\n<p data-start=\"1379\" data-end=\"1431\"><strong data-start=\"1379\" data-end=\"1431\">Mach den Unterschied \u2013 mit dem German Institute.<\/strong><\/p>\n<p>[\/et_pb_text][et_pb_button button_url=&#8220;https:\/\/germaninstitute.com\/de\/kostenlos\/&#8220; button_text=&#8220;Lern unsere Zusatzangebote kennen&#8220; _builder_version=&#8220;4.27.4&#8243; _module_preset=&#8220;default&#8220; custom_button=&#8220;on&#8220; button_text_color=&#8220;#FFFFFF&#8220; button_bg_color=&#8220;#012243&#8243; button_border_width=&#8220;0px&#8220; global_colors_info=&#8220;{}&#8220;][\/et_pb_button][\/et_pb_column][et_pb_column type=&#8220;1_2&#8243; _builder_version=&#8220;4.25.2&#8243; _module_preset=&#8220;default&#8220; global_colors_info=&#8220;{}&#8220;][et_pb_image src=&#8220;https:\/\/germaninstitute.com\/de\/wp-content\/uploads\/2025\/05\/DSCF0662-scaled.jpg&#8220; title_text=&#8220;DSCF0662&#8243; _builder_version=&#8220;4.27.4&#8243; _module_preset=&#8220;default&#8220; global_colors_info=&#8220;{}&#8220;][\/et_pb_image][\/et_pb_column][\/et_pb_row][\/et_pb_section][et_pb_section fb_built=&#8220;1&#8243; fullwidth=&#8220;on&#8220; _builder_version=&#8220;4.27.4&#8243; _module_preset=&#8220;default&#8220; global_colors_info=&#8220;{}&#8220;][et_pb_fullwidth_header title=&#8220;Lass dich kostenlos beraten und werde Partner des German Institute!&#8220; button_one_text=&#8220;kostenlosen Beratungstermin vereinbaren&#8220; button_one_url=&#8220;@ET-DC@eyJkeW5hbWljIjp0cnVlLCJjb250ZW50IjoicG9zdF9saW5rX3VybF9wYWdlIiwic2V0dGluZ3MiOnsicG9zdF9pZCI6IjEzMzA2In19@&#8220; _builder_version=&#8220;4.27.4&#8243; _dynamic_attributes=&#8220;button_one_url&#8220; _module_preset=&#8220;default&#8220; title_text_align=&#8220;left&#8220; title_font_size=&#8220;28px&#8220; background_color=&#8220;#012243&#8243; custom_button_one=&#8220;on&#8220; button_one_border_width=&#8220;2px&#8220; button_one_border_radius=&#8220;0px&#8220; button_one_font=&#8220;&#8211;et_global_body_font||||||||&#8220; hover_enabled=&#8220;0&#8243; global_colors_info=&#8220;{}&#8220; sticky_enabled=&#8220;0&#8243;][\/et_pb_fullwidth_header][\/et_pb_section]<\/p>\n","protected":false},"excerpt":{"rendered":"<p>UMFASSENDE&#8230;<\/p>\n","protected":false},"author":3,"featured_media":0,"parent":0,"menu_order":0,"comment_status":"closed","ping_status":"closed","template":"","meta":{"_et_pb_use_builder":"on","_et_pb_old_content":"","_et_gb_content_width":"","footnotes":""},"class_list":["post-14195","page","type-page","status-publish","hentry"],"jetpack_sharing_enabled":true,"_links":{"self":[{"href":"https:\/\/germaninstitute.com\/de\/wp-json\/wp\/v2\/pages\/14195","targetHints":{"allow":["GET"]}}],"collection":[{"href":"https:\/\/germaninstitute.com\/de\/wp-json\/wp\/v2\/pages"}],"about":[{"href":"https:\/\/germaninstitute.com\/de\/wp-json\/wp\/v2\/types\/page"}],"author":[{"embeddable":true,"href":"https:\/\/germaninstitute.com\/de\/wp-json\/wp\/v2\/users\/3"}],"replies":[{"embeddable":true,"href":"https:\/\/germaninstitute.com\/de\/wp-json\/wp\/v2\/comments?post=14195"}],"version-history":[{"count":7,"href":"https:\/\/germaninstitute.com\/de\/wp-json\/wp\/v2\/pages\/14195\/revisions"}],"predecessor-version":[{"id":50332,"href":"https:\/\/germaninstitute.com\/de\/wp-json\/wp\/v2\/pages\/14195\/revisions\/50332"}],"wp:attachment":[{"href":"https:\/\/germaninstitute.com\/de\/wp-json\/wp\/v2\/media?parent=14195"}],"curies":[{"name":"wp","href":"https:\/\/api.w.org\/{rel}","templated":true}]}}

<p>[et_pb_section fb_built=&#8220;1&#8243; _builder_version=&#8220;4.27.4&#8243; _module_preset=&#8220;default&#8220; global_colors_info=&#8220;{}&#8220;][et_pb_row column_structure=&#8220;1_2,1_2&#8243; _builder_version=&#8220;4.25.2&#8243; _module_preset=&#8220;b432d2c6-80e1-4cbc-b852-6e625e1042a3&#8243; hover_enabled=&#8220;0&#8243; global_colors_info=&#8220;{}&#8220; sticky_enabled=&#8220;0&#8243;][et_pb_column type=&#8220;1_2&#8243; _builder_version=&#8220;4.25.2&#8243; _module_preset=&#8220;default&#8220; global_colors_info=&#8220;{}&#8220;][et_pb_heading title=&#8220;UMFASSENDE UNTERSTÜTZUNG FÜR DEINEN START IN DEUTSCHLAND&#8220; _builder_version=&#8220;4.27.4&#8243; _module_preset=&#8220;e2ca338f-a74d-4852-89e2-01462c945299&#8243; title_font=&#8220;&#8211;et_global_heading_font|700||on|||||&#8220; title_text_color=&#8220;#f58c60&#8243; hover_enabled=&#8220;0&#8243; global_colors_info=&#8220;{}&#8220; sticky_enabled=&#8220;0&#8243;][/et_pb_heading][et_pb_heading title=&#8220;Dein Weg in den Pflegeberuf in Deutschland – mit dem German Institute&#8220; _builder_version=&#8220;4.27.4&#8243; _module_preset=&#8220;7afe1059-19ca-4a9a-b627-da6779a7b1cf&#8220; title_font=&#8220;&#8211;et_global_heading_font|700|||||||&#8220; title_text_color=&#8220;#204f8a&#8220; locked=&#8220;off&#8220; global_colors_info=&#8220;{}&#8220;][/et_pb_heading][et_pb_text _builder_version=&#8220;4.27.4&#8243; _module_preset=&#8220;default&#8220; text_font=&#8220;&#8211;et_global_body_font||||||||&#8220; header_font=&#8220;&#8211;et_global_body_font||||||||&#8220; header_3_font=&#8220;&#8211;et_global_heading_font||||||||&#8220; header_4_font=&#8220;&#8211;et_global_body_font||||||||&#8220; global_colors_info=&#8220;{}&#8220;]</p>
<p data-start="236" data-end="631">Unser Ausbildungsprogramm für Pflegekräfte verbindet sprachliche Präzision mit beruflicher Praxis. In klar strukturierten Modulen lernst du alles, was du für deinen Arbeitsalltag im deutschen Gesundheitswesen brauchst – von der ersten Patientenaufnahme bis zur Kommunikation mit Ärzt:innen. Dabei steht die Pflegesprache im Zentrum: praxisnah, alltagstauglich und auf dein Berufsziel abgestimmt.</p>
<p data-start="633" data-end="665">Doch das ist längst nicht alles.</p>
<p data-start="633" data-end="665">
<h3 data-start="667" data-end="738">✅ Exklusiv am German Institute – unsere kostenlosen Zusatzangebote:</h3>
<ul data-start="740" data-end="1200">
<li data-start="740" data-end="796">
<p data-start="742" data-end="796"><strong data-start="742" data-end="760">Grammatikkurse</strong>, um sprachlich sicher aufzutreten</p>
</li>
<li data-start="797" data-end="891">
<p data-start="799" data-end="891"><strong data-start="799" data-end="840">Aussprache- und Konversationstraining</strong>, damit du klar und deutlich kommunizieren kannst</p>
</li>
<li data-start="892" data-end="992">
<p data-start="894" data-end="992"><strong data-start="894" data-end="937">Berufsbezogene Exkursionen in Stuttgart</strong>, z. B. Klinikbesuche oder Stadtführungen auf Deutsch</p>
</li>
<li data-start="993" data-end="1098">
<p data-start="995" data-end="1098"><strong data-start="995" data-end="1043">Spezielle Kompaktkurse zu kulturellen Themen</strong>, damit du dich in Deutschland schnell zurechtfindest</p>
</li>
<li data-start="1099" data-end="1200">
<p data-start="1101" data-end="1200"><strong data-start="1101" data-end="1164">Individuelle Unterstützung im Visums- und Bewerbungsprozess</strong> – von der Beratung bis zur Einreise</p>
</li>
</ul>
<p data-start="1202" data-end="1377">Mit diesem ganzheitlichen Konzept bereiten wir dich nicht nur auf den Beruf, sondern auf ein neues Leben in Deutschland vor. Persönlich, professionell und auf dich abgestimmt.</p>
<p data-start="1379" data-end="1431"><strong data-start="1379" data-end="1431">Mach den Unterschied – mit dem German Institute.</strong></p>
<p>[/et_pb_text][et_pb_button button_url=&#8220;https://germaninstitute.com/de/kostenlos/&#8220; button_text=&#8220;Lern unsere Zusatzangebote kennen&#8220; _builder_version=&#8220;4.27.4&#8243; _module_preset=&#8220;default&#8220; custom_button=&#8220;on&#8220; button_text_color=&#8220;#FFFFFF&#8220; button_bg_color=&#8220;#012243&#8243; button_border_width=&#8220;0px&#8220; global_colors_info=&#8220;{}&#8220;][/et_pb_button][/et_pb_column][et_pb_column type=&#8220;1_2&#8243; _builder_version=&#8220;4.25.2&#8243; _module_preset=&#8220;default&#8220; global_colors_info=&#8220;{}&#8220;][et_pb_image src=&#8220;https://germaninstitute.com/de/wp-content/uploads/2025/05/DSCF0662-scaled.jpg&#8220; title_text=&#8220;DSCF0662&#8243; _builder_version=&#8220;4.27.4&#8243; _module_preset=&#8220;default&#8220; global_colors_info=&#8220;{}&#8220;][/et_pb_image][/et_pb_column][/et_pb_row][/et_pb_section][et_pb_section fb_built=&#8220;1&#8243; fullwidth=&#8220;on&#8220; _builder_version=&#8220;4.27.4&#8243; _module_preset=&#8220;default&#8220; global_colors_info=&#8220;{}&#8220;][et_pb_fullwidth_header title=&#8220;Lass dich kostenlos beraten und werde Partner des German Institute!&#8220; button_one_text=&#8220;kostenlosen Beratungstermin vereinbaren&#8220; button_one_url=&#8220;@ET-DC@eyJkeW5hbWljIjp0cnVlLCJjb250ZW50IjoicG9zdF9saW5rX3VybF9wYWdlIiwic2V0dGluZ3MiOnsicG9zdF9pZCI6IjEzMzA2In19@&#8220; _builder_version=&#8220;4.27.4&#8243; _dynamic_attributes=&#8220;button_one_url&#8220; _module_preset=&#8220;default&#8220; title_text_align=&#8220;left&#8220; title_font_size=&#8220;28px&#8220; background_color=&#8220;#012243&#8243; custom_button_one=&#8220;on&#8220; button_one_border_width=&#8220;2px&#8220; button_one_border_radius=&#8220;0px&#8220; button_one_font=&#8220;&#8211;et_global_body_font||||||||&#8220; hover_enabled=&#8220;0&#8243; global_colors_info=&#8220;{}&#8220; sticky_enabled=&#8220;0&#8243;][/et_pb_fullwidth_header][/et_pb_section]</p>
