{"id":45452,"date":"2025-07-22T13:26:50","date_gmt":"2025-07-22T11:26:50","guid":{"rendered":"https:\/\/germaninstitute.com\/de\/produkt\/telaffuz-kursu-tam-paket\/"},"modified":"2026-01-21T10:47:17","modified_gmt":"2026-01-21T09:47:17","slug":"telaffuz-kursu-tam-paket","status":"publish","type":"product","link":"https:\/\/germaninstitute.com\/de\/tr\/produkt\/telaffuz-kursu-tam-paket\/","title":{"rendered":"Telaffuz Kursu &#8211; Tam Paket"},"content":{"rendered":"<p data-start=\"76\" data-end=\"215\">10 mod\u00fcl\u00fcm\u00fczde t\u00fcm \u00f6nemli ses ve vurgu kal\u0131plar\u0131n\u0131 \u00e7al\u0131\u015facaks\u0131n.<br data-start=\"200\" data-end=\"203\" \/>Her mod\u00fcl bir \u00f6ncekinin \u00fczerine in\u015fa edilir. B\u00f6ylece sonunda ister i\u015fte, ister g\u00fcnl\u00fck ya\u015famda, ister s\u0131navlarda net, kendinden emin ve do\u011fal bir \u015fekilde konu\u015fabileceksin.<\/p>\n<ul>\n<li data-start=\"76\" data-end=\"215\">10 mod\u00fcl i\u00e7in 1200\u20ac<\/li>\n<\/ul>\n","protected":false},"excerpt":{"rendered":"<p>10 mod\u00fcl\u00fcm\u00fczde t\u00fcm \u00f6nemli ses ve vurgu kal\u0131plar\u0131n\u0131 \u00e7al\u0131\u015facaks\u0131n.Her mod\u00fcl bir \u00f6ncekinin \u00fczerine in\u015fa edilir. B\u00f6ylece sonunda ister i\u015fte, ister g\u00fcnl\u00fck ya\u015famda, ister s\u0131navlarda net,&hellip;<\/p>\n","protected":false},"featured_media":18057,"comment_status":"open","ping_status":"closed","template":"","meta":{"_et_pb_use_builder":"","_et_pb_old_content":"","_et_gb_content_width":""},"product_brand":[],"product_cat":[214],"product_tag":[],"class_list":{"0":"post-45452","1":"product","2":"type-product","3":"status-publish","4":"has-post-thumbnail","6":"product_cat-telaffuz-kursu","8":"first","9":"instock","10":"virtual","11":"purchasable","12":"product-type-simple"},"jetpack_sharing_enabled":true,"_links":{"self":[{"href":"https:\/\/germaninstitute.com\/de\/tr\/wp-json\/wp\/v2\/product\/45452","targetHints":{"allow":["GET"]}}],"collection":[{"href":"https:\/\/germaninstitute.com\/de\/tr\/wp-json\/wp\/v2\/product"}],"about":[{"href":"https:\/\/germaninstitute.com\/de\/tr\/wp-json\/wp\/v2\/types\/product"}],"replies":[{"embeddable":true,"href":"https:\/\/germaninstitute.com\/de\/tr\/wp-json\/wp\/v2\/comments?post=45452"}],"wp:featuredmedia":[{"embeddable":true,"href":"https:\/\/germaninstitute.com\/de\/tr\/wp-json\/wp\/v2\/media\/18057"}],"wp:attachment":[{"href":"https:\/\/germaninstitute.com\/de\/tr\/wp-json\/wp\/v2\/media?parent=45452"}],"wp:term":[{"taxonomy":"product_brand","embeddable":true,"href":"https:\/\/germaninstitute.com\/de\/tr\/wp-json\/wp\/v2\/product_brand?post=45452"},{"taxonomy":"product_cat","embeddable":true,"href":"https:\/\/germaninstitute.com\/de\/tr\/wp-json\/wp\/v2\/product_cat?post=45452"},{"taxonomy":"product_tag","embeddable":true,"href":"https:\/\/germaninstitute.com\/de\/tr\/wp-json\/wp\/v2\/product_tag?post=45452"}],"curies":[{"name":"wp","href":"https:\/\/api.w.org\/{rel}","templated":true}]}}

<p data-start="76" data-end="215">10 modülümüzde tüm önemli ses ve vurgu kalıplarını çalışacaksın.<br data-start="200" data-end="203" />Her modül bir öncekinin üzerine inşa edilir. Böylece sonunda ister işte, ister günlük yaşamda, ister sınavlarda net, kendinden emin ve doğal bir şekilde konuşabileceksin.</p>
<ul>
<li data-start="76" data-end="215">10 modül için 1200€</li>
</ul>

<p>10 modülümüzde tüm önemli ses ve vurgu kalıplarını çalışacaksın.Her modül bir öncekinin üzerine inşa edilir. Böylece sonunda ister işte, ister günlük yaşamda, ister sınavlarda net,&hellip;</p>
